 = -4*c. What are the prime factors of c?
2, 3
Let d = 426 + -79. What are the prime factors of d?
347
Suppose 2*q - 5*h = 5, 5*q = 2*h + 42 + 2. Let o = 4 - 1. Suppose q = c + t, o*t = 2*c - 4 - 11. What are the prime factors of c?
3
Suppose 2*x + l - 40 = 3*l, -4*x + 52 = 3*l. Suppose -x = -2*n - 2*n. Suppose 0*a = n*a - 24. What are the prime factors of a?
2, 3
Suppose r + 0*r = 0. Suppose r*j = 2*j - 4. Suppose -3 = -b + j. List the prime factors of b.
5
Let z be 19/(-7) - (-2)/(-7). What are the prime factors of (-1 - z/2)*18?
3
Let v be ((-8)/3 - -1)*3. Let l(m) = -3*m**2 + 2*m**2 - 5*m + 5 - 2. What are the prime factors of l(v)?
3
Let s(b) = 3 - 2 + 7 - b - 3. Let r be s(-5). Suppose -3*m + m = -r. List the prime factors of m.
5
Let r = 4 - 0. Suppose -28 = -4*s - 0*s. Let d = s - r. List the prime factors of d.
3
Let x(d) = 2*d**2. Let l be x(1). Suppose 32 = l*p - p. What are the prime factors of p?
2
Let i = -41 + 58. List the prime factors of i.
17
Let o = 3 - 0. List the prime factors of 3*(-1 + 10/o).
7
Suppose -2*b = -0*b. Let i = 5 - 5. Suppose 2*h + i*r - 9 = r, b = 5*r - 25. List the prime factors of h.
7
Let w = -88 + 188. List the prime factors of w.
2, 5
Let a = 212 - -57. What are the prime factors of a?
269
Let d = 47 + 9. List the prime factors of d.
2, 7
Suppose 0 = -13*v + 14*v - 121. List the prime factors of v.
11
Let f(y) = y**3 - 16*y**2 + 0*y**3 + 5*y**2 - 10*y. What are the prime factors of f(12)?
2, 3
Suppose -13 = -v - 4*r, -5*v - 2*r = -0*r - 29. Suppose 0 = 4*q - v*q + 11. Suppose -2*b + 15 + q = 0. List the prime factors of b.
13
Let i(d) = d**2 + 5*d + 2. Let u be i(-7). Suppose 2*p - 5*t = -4, 4*t - 64 = -4*p - u. What are the prime factors of p?
2
Let r(x) = 45*x - 24. List the prime factors of r(5).
3, 67
Let v = 2 + 22. Suppose 4*g + 16 = 4*j, v = 3*j + 2*g + 7. What are the prime factors of j?
5
Let t = 8 - 5. Suppose 2*q - 12 = -3*a - t*q, 0 = -4*a + q + 16. Let i(o) = 3*o - 1. What are the prime factors of i(a)?
11
Let i(r) = r**3 + 4*r**2 - 6*r - 3. Let u be i(-5). Suppose 0*a - u = a. List the prime factors of 11 + -4 + 2/a.
2, 3
Suppose -q + 17 = 12. Suppose 119 = q*y - 26. List the prime factors of y.
29
Let z = 1 + 2. Let s(j) = -j**3 + 11*j**2 + 5*j - 5. Let b be s(11). Suppose z*m - 7*m + b = -3*d, 10 = -5*d. What are the prime factors of m?
11
Let d = 3 - 4. Let s be d/(-2) + 11/(-2). List the prime factors of -2 - (s + (0 - 1)).
2
Let q(w) = -2*w. What are the prime factors of q(-7)?
2, 7
List the prime factors of ((-144)/6)/((-2)/3).
2, 3
Suppose 83 = 2*q + 1. List the prime factors of q.
41
Suppose -3*d + 4 + 8 = 0. Suppose -d = -l + 2. What are the prime factors of l?
2, 3
Let r = -12 + 15. What are the prime factors of r?
3
What are the prime factors of (-2)/(-4)*(147 + 1)?
2, 37
Let c(g) = 7*g - 7. Let s be c(6). Let o be (-4)/14 + (-60)/(-14). Suppose 10*h - s = 5*h - 2*q, -o*q = -5*h + 5. List the prime factors of h.
5
Let x(s) = 85*s**3 + 1. List the prime factors of x(1).
2, 43
Let f(i) = -28*i - 1. Let w be f(-2). Suppose -4*t = w + 1. Let o = -3 - t. List the prime factors of o.
11
Let u(s) = 2*s + 1. Let d(x) = -2*x - 1. Let h(j) = -5*d(j) - 4*u(j). What are the prime factors of h(4)?
3
Let w(m) = -13*m - 1. Let u be w(-1). Suppose -10 = 2*l + 2*p, -l + 0*l - 4*p = 5. Let r = u + l. What are the prime factors of r?
7
Suppose k - 36 - 24 = 0. List the prime factors of k.
2, 3, 5
Let f(t) = 5*t + 2. Let b be f(6). Let c(u) = 3*u - 22. Let y be c(8). Suppose 5*p - b = 2*h - 3*h, 0 = -y*p - 5*h + 22. What are the prime factors of p?
2, 3
Suppose 0 = -5*d - b + 285, 0 - 5 = -b. What are the prime factors of (10/4)/(7/d)?
2, 5
Let m be (-2 + 0 - 0)*1. List the prime factors of 4/(((-8)/14)/m).
2, 7
Let x(y) = -y**3 - 8*y**2 - 7*y - 10. Let s be x(-7). What are the prime factors of 42/4 - 5/s?
11
Let j(p) = 11*p - 7. Let z(i) = 11*i - 6. Let y(k) = -4*j(k) + 5*z(k). What are the prime factors of y(2)?
2, 5
List the prime factors of (8*6)/((-6)/(-8)).
2
Let a(f) = 2*f**2 + f - 1. Suppose -12 = x - 5*x. List the prime factors of a(x).
2, 5
Let w be (-1 + 1)/(-4 + 7). Suppose w = -m + 6*m - 55. What are the prime factors of m?
11
Let x be -1 + 4 - (-38)/(-1). Let q = -19 - x. What are the prime factors of q?
2
Suppose 181 = 5*k - 964. List the prime factors of k.
229
Let l be -1 - ((-1 - -1) + -1). Let j = 5 - l. Suppose 5*w = -j*n + 55, -3*w - 2*n = 7 - 39. What are the prime factors of w?
2, 5
Let y = -77 - -13. What are the prime factors of y/6*(-9)/6?
2
Let o(c) = -c**3 + 12*c**2 - 10*c - 6. Let p be o(11). Suppose -20 = -p*z + 70. Let f = z + -11. What are the prime factors of f?
7
Let j(y) = -6*y + 2. Let v be j(-6). Let z = -19 + v. What are the prime factors of z?
19
Let q = -7 - -11. Suppose 0 = q*p - 5*x - 27 - 16, -x + 22 = p. What are the prime factors of p?
17
Suppose 0 = -2*w + 5 + 3. Suppose d + n = 11, -4*d + w*n = 2*n - 14. Suppose -y + p = -d*y + 65, 0 = -4*y + p + 43. List the prime factors of y.
2, 3
What are the prime factors of (24 - 5) + (1 - 0)?
2, 5
Let d = 3 - 3. Suppose 5*o - c - 29 = -10, -o + 3 = -c. Suppose 0 = -5*h - o - 1, d = a - 4*h - 14. List the prime factors of a.
2, 5
Suppose -5*a = 5*u - 55, 4*a = 3*a - 5. Let q = -70 + 72. Suppose -i + 6 = 3*z + q*i, -3*z = i - u. List the prime factors of z.
7
Suppose 2*a = -5*i - 317 + 755, 4*a + i - 876 = 0. What are the prime factors of a?
3, 73
Let o = 279 - 141. What are the prime factors of o?
2, 3, 23
Let q(a) = a**2 + 5*a - 3. Let k be q(-6). Suppose -4*v = 5*m - 127, -k*m - m - 70 = -2*v. List the prime factors of v.
3, 11
Suppose -26 = -0*a + a. Let s be (-3)/(-2) + a/4. Let m(c) = -2*c - 7. What are the prime factors of m(s)?
3
What are the prime factors of (-2)/(-8) - 198/(-8)?
5
Suppose 4*v - 2*v = 128. What are the prime factors of v?
2
Suppose 4*l + 4*w = 256, -l - 4*w = -w - 70. Let u = -40 + l. List the prime factors of u.
3, 7
Let i be 18/(-6) - (-1 - 4). Suppose -5*a = -2*b - 37, 4*a - 9 - 17 = -i*b. List the prime factors of a.
7
Let a be 14/6 + 3/(-9). Suppose -4*i + v + 18 = -23, 2*v = a*i - 16. What are the prime factors of i?
11
Let i = 110 + -76. Suppose 6*f = 4*f + i. List the prime factors of f.
17
Let g(v) = v**3 + 8*v**2 + 2*v - 1. What are the prime factors of g(-4)?
5, 11
Let l = 60 - 27. What are the prime factors of (-22)/l + 53/3?
17
Suppose -5*m = b - 12 - 8, -m = -4*b + 17. List the prime factors of 21/9*m + -3.
2
Suppose 3*q = -12, -2*k = 3*q + 9 - 27. List the prime factors of k.
3, 5
Let o(s) = -s**3 - s**2 - s + 3. What are the prime factors of o(0)?
3
Let h(s) = s**2 + 5*s - 6. Let d be h(-6). Suppose 0 = 5*z + 2*i + 24 - 5, 5*z + i + 17 = d. Let n = 12 - z. List the prime factors of n.
3, 5
Let o(g) = g**2 + 2*g + 6. What are the prime factors of o(-6)?
2, 3, 5
Suppose -3*p - 4*q + 72 = p, 0 = 5*p - 2*q - 83. What are the prime factors of p?
17
Suppose 248 = 3*a - 526. What are the prime factors of a?
2, 3, 43
What are the prime factors of 5*(3 + (-23)/(-5))?
2, 19
Suppose 69 = s - 21. What are the prime factors of (4/(-10))/((-3)/s)?
2, 3
Let y = -10 + 6. Let w be (-3)/(y/(8/3)). What are the prime factors of (19 - w) + -1 + 0?
2
Let u be 3/((-7)/(-2) - 2). Suppose -3*a + 6 = u*w, 0 = -3*a - 0*a - 5*w - 3. List the prime factors of a.
2
What are the prime factors of 5/((-25)/(-30))*7*3?
2, 3, 7
Suppose 5*y + 18 = 2*y. What are the prime factors of (2 - 41)/(9/y)?
2, 13
Let f be ((-6)/15)/((-2)/20). Suppose -8 = -0*j - f*j. What are the prime factors of (-24)/10*(-5)/j?
2, 3
Suppose 1133 = 3*n + 80. List the prime factors of n.
3, 13
Let m be (4/(-5))/(9/(-270)). Suppose -4*u = -m - 16. List the prime factors of u.
2, 5
Let y(m) be the second derivative of -m**2 - m + 0 - 1/6*m**3. What are the prime factors of y(-9)?
7
List the prime factors of 6*16/(-60)*-25.
2, 5
Let r be 2/(-6) + 138/9. Suppose 5*x + 5 - 20 = 0, 5*o + r = 5*x. Suppose o*y = 3*y - 18. What are the prime factors of y?
2, 3
Suppose 4*m + k = 3*k + 198, -3*k = m - 53. List the prime factors of m.
2, 5
Let r(s) = -16*s**3 + 5*s**2 - 2*s - 5. Let d(h) = -8*h**3 + 2*h**2 - h - 2. Let w(c) = 5*d(c) - 2*r(c). List the prime factors of w(-1).
3
Let w(a) = -a**3 - 9*a**2 - 10*a + 12. List the prime factors of